est common factor of 1419 and 15.
3
Calculate the greatest common factor of 2014 and 106.
106
Calculate the greatest common divisor of 77 and 210.
7
What is the greatest common divisor of 100 and 2550?
50
What is the greatest common divisor of 94 and 10763?
47
Calculate the highest common divisor of 203 and 145.
29
What is the highest common factor of 2597 and 490?
49
What is the highest common factor of 4807 and 33?
11
What is the highest common factor of 8 and 28?
4
What is the highest common factor of 11537 and 278?
139
Calculate the highest common divisor of 50 and 175.
25
Calculate the highest common factor of 40 and 928.
8
What is the highest common factor of 308 and 44?
44
What is the highest common factor of 59 and 1121?
59
What is the greatest common divisor of 30 and 75?
15
Calculate the highest common divisor of 370 and 10.
10
Calculate the highest common divisor of 12931 and 67.
67
What is the highest common factor of 60 and 80?
20
What is the highest common factor of 138 and 28773?
69
What is the greatest common factor of 44 and 256?
4
Calculate the greatest common divisor of 187 and 638.
11
What is the highest common divisor of 52 and 16?
4
Calculate the highest common factor of 1 and 33.
1
What is the greatest common factor of 356 and 2314?
178
Calculate the greatest common divisor of 375 and 675.
75
What is the highest common factor of 212 and 4558?
106
Calculate the greatest common factor of 54 and 522.
18
What is the highest common divisor of 106 and 26606?
106
What is the highest common divisor of 177 and 1121?
59
What is the highest common divisor of 30 and 200?
10
Calculate the greatest common divisor of 144 and 1680.
48
What is the greatest common factor of 48 and 608?
16
Calculate the greatest common divisor of 216 and 24.
24
Calculate the greatest common divisor of 11 and 2684.
11
What is the highest common divisor of 1818 and 18?
18
Calculate the greatest common divisor of 1232 and 231.
77
What is the highest common divisor of 351 and 39?
39
Calculate the highest common factor of 1326 and 78.
78
What is the highest common factor of 4100 and 100?
100
What is the greatest common factor of 45 and 1245?
15
What is the greatest common factor of 338 and 286?
26
What is the highest common factor of 114 and 7125?
57
Calculate the highest common factor of 328 and 6806.
82
What is the highest common divisor of 62 and 4836?
62
What is the highest common divisor of 8555 and 59?
59
What is the greatest common divisor of 102 and 1020?
102
Calculate the highest common divisor of 76 and 208.
4
What is the greatest common divisor of 105 and 175?
35
Calculate the greatest common factor of 925 and 37.
37
Calculate the highest common factor of 1090 and 60.
10
What is the highest common factor of 308 and 132?
44
Calculate the highest common divisor of 434 and 3937.
31
Calculate the greatest common factor of 57 and 456.
57
What is the highest common divisor of 7596 and 288?
36
Calculate the greatest common factor of 476 and 544.
68
Calculate the greatest common divisor of 628 and 2.
2
What is the greatest common factor of 78 and 9776?
26
Calculate the highest common factor of 217 and 45787.
217
What is the greatest common divisor of 7257 and 1416?
177
Calculate the greatest common divisor of 340 and 320.
20
Calculate the greatest common factor of 371 and 217.
7
Calculate the highest common factor of 576 and 108.
36
Calculate the highest common factor of 50 and 1450.
50
Calculate the greatest common divisor of 87 and 4263.
87
Calculate the highest common divisor of 957 and 11.
11
What is the greatest common divisor of 7 and 15?
1
What is the highest common factor of 20 and 32?
4
Calculate the highest common divisor of 8541 and 156.
39
What is the highest common divisor of 1215 and 15?
15
What is the highest common factor of 33 and 1353?
33
What is the highest common factor of 1247 and 43?
43
Calculate the greatest common factor of 85 and 7361.
17
Calculate the greatest common factor of 3410 and 550.
110
Calculate the highest common factor of 46 and 23.
23
What is the highest common factor of 270 and 1410?
30
Calculate the greatest common divisor of 78 and 9438.
78
What is the highest common divisor of 35 and 2037?
7
What is the greatest common divisor of 171 and 1311?
57
Calculate the greatest common divisor of 35 and 10.
5
What is the highest common factor of 1875 and 15?
15
Calculate the highest common factor of 101114 and 26.
26
What is the greatest common divisor of 1782 and 648?
162
What is the highest common divisor of 3397 and 43?
43
What is the greatest common divisor of 4236 and 60?
12
Calculate the greatest common factor of 3933 and 2277.
207
What is the greatest common factor of 3073 and 7?
7
Calculate the highest common factor of 72 and 252.
36
What is the greatest common divisor of 27 and 1449?
9
Calculate the greatest common factor of 550 and 22.
22
What is the greatest common factor of 417 and 3?
3
Calculate the highest common factor of 15 and 3085.
5
What is the highest common factor of 602 and 42?
14
Calculate the greatest common divisor of 41 and 7.
1
Calculate the highest common factor of 5 and 5.
5
Calculate the greatest common divisor of 3808 and 119.
119
Calculate the highest common divisor of 4977 and 819.
63
Calculate the highest common factor of 2001 and 414.
69
Calculate the greatest common divisor of 3690 and 810.
90
What is the highest common factor of 1700 and 650?
50
Calculate the highest common divisor of 1210 and 30.
10
Calculate the highest common divisor of 39 and 91.
13
What is the greatest common factor of 923 and 213?
71
Calculate the greatest common factor of 938 and 67.
67
What is the highest common divisor of 72 and 81?
9
What is the highest common divisor of 108 and 612?
36
Calculate the highest common divisor of 49 and 112.
7
What is the highest common factor of 1930 and 10?
10
Calculate the greatest common divisor of 2180 and 160.
20
Calculate the greatest common factor of 504 and 1872.
72
What is the highest common factor of 53 and 2279?
53
What is the highest common factor of 504 and 315?
63
What is the highest common factor of 82 and 41?
41
Calculate the greatest common factor of 6 and 6.
6
What is the highest common factor of 416 and 13?
13
Calculate the greatest common divisor of 350 and 6090.
70
What is the greatest common factor of 39 and 135?
3
What is the greatest common divisor of 192 and 1116?
12
What is the greatest common factor of 434 and 31?
31
Calculate the highest common factor of 88 and 20.
4
What is the highest common factor of 16 and 496?
16
What is the highest common factor of 777 and 888?
111
Calculate the greatest common divisor of 8 and 1096.
8
What is the highest common factor of 1922 and 3658?
62
Calculate the greatest common factor of 2 and 250.
2
What is the highest common divisor of 237 and 24411?
237
What is the greatest common divisor of 310 and 62?
62
Calculate the highest common factor of 34972 and 112.
28
What is the greatest common divisor of 1095 and 45?
15
What is the greatest common factor of 3744 and 3952?
208
Calculate the greatest common divisor of 336 and 4928.
112
What is the highest common divisor of 11 and 341?
11
Calculate the greatest common divisor of 15 and 255.
15
What is the greatest common factor of 4829 and 11?
11
Calculate the highest common divisor of 25942 and 238.
238
What is the highest common factor of 27 and 279?
9
What is the greatest common factor of 256 and 448?
64
What is the highest common factor of 145 and 87?
29
Calculate the greatest common divisor of 45 and 1215.
45
What is the highest common divisor of 10 and 356?
2
What is the greatest common divisor of 79 and 25043?
79
What is the greatest common divisor of 14 and 259?
7
What is the highest common factor of 160 and 18?
2
Calculate the highest common factor of 156 and 260.
52
Calculate the greatest common factor of 35 and 49.
7
Calculate the highest common factor of 11 and 4884.
11
What is the greatest common divisor of 126 and 462?
42
What is the greatest common divisor of 31 and 62?
31
Calculate the highest common divisor of 1173 and 51.
51
Calculate the highest common divisor of 315 and 9.
9
Calculate the greatest common divisor of 640 and 2048.
128
Calculate the highest 